76 - 271) + (-3 - (13 - 2))?
-9
What is 1 - (-9 + (-6 - (6 + -5 + -10)))?
7
What is -2 + -12 - -19 - (6 - 11)?
10
Calculate -6 + -11 + 14 + 4.
1
Evaluate -26 + (70 - 30 - 23).
-9
What is the value of -2 + (2 - 9) + 8 - 1?
-2
What is (5 - -5) + (24 + -4 - 54)?
-24
-23 - (31 + -42) - 10
-22
1 - (-13 + 2 - -4) - 1
7
What is 1 - (-1 + (16 - 10))?
-4
5 - (-15 - (13 - 23))
10
What is (-65 + 32 - (-1 - 8)) + 13?
-11
Evaluate 50 + (-83 - -33) + 1 + 1.
2
(10 - 21) + 6 + (0 - -10)
5
What is the value of (10 - 35) + (20 - 0)?
-5
-19 - (-5 - 6) - (3 + (0 - 7))
-4
What is 153 + -155 + 11 + -1?
8
Evaluate 15 + (14 + -12 - 4).
13
What is the value of 5 + -1 + 0 + (-174 - -195) + 7?
32
-54 + 69 + -14 + 5
6
What is 14 + -7 - (1 - 14)?
20
What is -17 + (-7 - (-36 + 7))?
5
Evaluate 20 + 7 + (-8 - 4) - 42.
-27
Calculate (-6 - 43) + 27 + (1 - -10).
-11
1 - 3 - ((1 - 1) + -14 + 3)
9
What is -28 + -6 + (54 - 10)?
10
Evaluate (-1 - -22 - -1) + -182 + 192 - 9.
23
Evaluate (-23 - (3 + 4)) + 9 + 7.
-14
Evaluate -31 + (4 - (-9 - 27)).
9
What is -22 - -14 - (-23 + -9 + 17 + 9)?
-2
-10 + (0 + 11 + 27 - (2 + 5))
21
Evaluate -9 - (-5 - (-1 + (3 - 4))).
-6
What is 12 + -3 - -9 - 20?
-2
-4 - ((5 - ((1 - 6) + 32)) + 5)
13
What is the value of 3 + -5 + (-6 - -8) + -6?
-6
What is 2 - (0 + 18 + -23)?
7
Evaluate -7 + -10 - ((6 - 49) + -1).
27
What is the value of (1 - -3) + -4 - (-42 - -21) - 7?
14
-6 - (-48 - -15) - 9
18
Calculate (35 - 40) + (18 - 6).
7
Evaluate -27 + -5 + 26 - (0 + 1 + -6).
-1
Calculate 237 + -185 + 1 + -35.
18
Calculate 2 + -2 + -1 + -4.
-5
What is -10 - (-2 + 0) - (33 - 38)?
-3
What is -25 - (-11 + -4 + 12) - (-5 + 2)?
-19
Evaluate 11 + (-31 - (12 - 29)).
-3
What is the value of -1 - (9 - (15 - 8 - (1 + 3)))?
-7
-9 - (18 + -5 + -3 - 23)
4
Evaluate -150 + 137 - (1 + -17).
3
Evaluate -10 + (33 - 24) + (0 - -10).
9
What is (20 - (-6 - -56)) + (18 - 4)?
-16
Calculate -7 + (14 - 15) - (-1 + 3).
-10
(-4 - (-16 + 7)) + 8
13
Evaluate (5 - -5 - (50 + -36)) + -12.
-16
Calculate 29 - (22 - -23) - (0 + -3 + 0).
-13
What is -2 + -10 + 2 + (5 - 2)?
-7
10 + -21 + 43 + -31
1
(1 - -18 - (75 - 51)) + 13
8
-8 + (-17 - ((-26 - -9) + 12))
-20
What is -6 + (-24 - -20) + (-4 - -5) + 6?
-3
What is the value of (-10 - (4 + -2) - 0) + (-32 - -33)?
-11
Calculate -1 + -5 - (10 + -8).
-8
What is the value of -4 - (11 + 12 + -16)?
-11
Calculate -10 + -12 + 6 + (10 - 9).
-15
Evaluate -67 - (-4 - (29 - -11)).
-23
What is 135 + -122 - (-2 - -8)?
7
Calculate 14 - (-14 + 22 - 3 - -23).
-14
566 + -565 + 9 + (-1 - -3) + 0
12
-5 + 23 + (154 - 150)
22
What is the value of -4 + (-20 - (10 - 16))?
-18
What is the value of (-3 - -3 - -3) + -8 + (29 - 27)?
-3
Calculate 1 + (0 - -10) + 1515 + -1540.
-14
Evaluate (2 - 10) + 0 + -2 - (-1021 + 988).
23
What is the value of -18 - (-12 + 8 + -7 + 1 + 6)?
-14
What is the value of -5 + -5 - (7 - 12)?
-5
0 - ((-1 - (-3 + -4)) + 0)
-6
9 - -1 - (-95 - -72 - -67)
-34
What is the value of -28 - (-25 - (-20 - -7))?
-16
What is -627 - -551 - (-45 + 0)?
-31
5 + (-5 + -2 - -5) + -9
-6
1 - (8 + -7 - -3)
-3
What is the value of -116 - -141 - (46 - -3)?
-24
What is 15 + (-16 - -3 - -5) - -12?
19
What is 1 + -2 - -15 - (-4 + 14)?
4
Evaluate 3 + -11 + 12 + (4 - (16 - 2)).
-6
-18 + -5 + 21 - (-3 - 6)
7
Calculate -23 + (-1 - 8) - -16.
-16
(16 - 8 - 3) + -4 - -14
15
Evaluate -3 - (13 - (6 - 19 - -27)).
-2
Calculate -39 + 24 + -3 + 24.
6
What is the value of (3 - 0 - -2) + 478 + -463?
20
What is the value of (204 - 245 - (0 + -16)) + 13?
-12
(3 - -3) + 1 + -4 - -8
11
What is the value of -1 + 0 - 0 - (-24 + 30)?
-7
-5 - (-8 - -4 - (-7 - -11))
3
Evaluate (3 - (-10 - -2)) + 0 + -5 - 34.
-28
What is -3 + (-13 - -3 - -14) + 13?
14
(2 - 5) + -3 + (-1 - -11)
4
What is the value of 1 - (-8 + 11) - (-8 + 4 - -3)?
-1
Evaluate 10 + -10 + 1 + (6 - 4) - 5.
-2
What is the value of (-13 - 1) + -1 + (13 - (-28 + 42))?
-16
What is the value of 7 + (-198 - -198) + -1 + -2?
4
Evaluate 31 - (-4 + 36) - -17.
16
What is (13 - (15 - 9) - 3) + 1?
5
Calculate (-9 + -5 + 16 - -3) + 7.
12
Evaluate -5 + (-7 - (-8 - -7)) + -60 + 47.
-24
Evaluate 6 - ((-1 - -3) + (-14 - -15) + 20).
-17
What is the value of (4 - 12 - -3) + 7 + -21 + 21?
2
-168 + 172 + 4 + 1 + 7
16
Evaluate -15 + 26 + -14 + 1 + (9 - 4).
3
Calculate -4 + -1 + -198 + 198 + -1 + -10.
-16
-7 + -1 + 5 + 2 - 2
-3
Calculate -6 + (10 - (2 + -5)) + -70 + 67.
4
What is -12 - (-9 - (15 - 20))?
-8
Evaluate -11 + 7 + -1 + (-1 - (-7 + -1)).
2
Calculate -2 - -25 - (19 + -1).
5
-4 - (18 - (-13 - -16))
-19
0 + (-3 - 4 - (12 + -4 + 0))
-15
Evaluate -2 + (9 - (14 - -6)).
-13
0 + 1 + 5 + (1 - -4 - 14)
-3
What is (0 - -1) + (2 - 2) - (-143 + 149)?
-5
Evaluate 25 - ((26 - 27) + 0 + 6).
20
Calculate -26 - -63 - 73 - -47.
11
40 - -2 - (-9 + 9 + 1 - -3)
38
Evaluate 6 + (0 - -4 - (6 + 6)) - -1.
-1
What is the value of -3 + 2 - -23 - 16?
6
What is the value of 13 + -7 - (-1 - 3)?
10
What is the value of -2 + (-4 + (-3 - -5) - (-1 + 8))?
-11
What is (1 - (1 - 0)) + 73 + -69?
4
Evaluate (-4 + 15 - 27 - 23) + 11.
-28
What is -14 - 11 - -37 - -10?
22
What is the value of (7 - -13) + -15 - -15?
20
What is the value of -24 - ((-1 - (7 + -9)) + -15)?
-10
What is the value of -15 - (11 + -37 - -11) - (-4 - 0)?
4
Calculate (-2 - (-10 + 3) - 4) + 2 - 10.
-7
Evaluate (30 - 8) + -6 + -33.
-17
-7 + 2 + -6 + -10 + (-13 - -13)
-21
-16 + ((15 - -1) + -8 + 0 - 9)
-17
What is the value of 0 - (2 + -1) - ((-31 - -32) + -7)?
5
What is the value of 27 - (52 + 16 - 26)?
-15
Evaluate -22 - (32 + (-20 - 6)).
-28
What is 7 - (1 + (11 - 8))?
3
6 - (7 + -5 + 3 + (28 - 22))
-5
Evaluate 2 - 3 - -33 - (3 - (-15 - -16)).
30
What is (1 + -19 - -4) + (4 - (0 - -1))?
-11
What is the value of 18 - ((4 - 8 - -1) + 31)?
-10
-9 - (-31 + 16) - (2 + -1)
5
1 + 34 + (76 - 180) + 90
21
Evaluate 1 + (-10 - -7) + 12 - 4.
6
1 + 2 + 1 + -15 - (51 - 57)
-5
Evaluate -48 + 30 + (-1 - -4).
-15
What is the value of 80 + -92 - (-4 + (10 - 5))?
-13
Evaluate -11 + (-41 - -37) - 8.
-23
(-1 - 27) + (104 - 103) + (2 - -1)
-24
Calculate (-1 - 21) + 52 - 38.
-8
What is the value of 7 - (-4 - -17 - 27)?
21
Calculate (-6 - 11 - -25 - 1) + (-2 - 1).
4
Evaluate -1 - (2 + 7 + -27 + 0).
17
What is the value of -26 + 22 + -6 + (4 - -40) + 1?
35
-9 - -10 - (-10 - -7)
4
Evaluate 2 - (-13 + 16) - ((6 - 2) + 10).
-15
Evaluate (-2 + -2 + -38 - (-107 - -97)) + 9.
-23
What is the value of -4 + 6 + 14 + -10 - (-1 - -19)?
-12
What is 7 + -2 - (-1 + 5 + -3 + -5)?
9
What is the value of (-2 - 37) + (6 - -34)?
1
Evaluate 8 - -14 - 7 - 16.
-1
What is the value of (7 - 6) + 14 + 1?
16
What is (-11 + -4 + 4 - (0 - 0)) + 3?
-8
What is the value of 3 - (0 - -3) - (252 + -240)?
-12
What is (35 - 25) + -3 - 5?
2
-25 + 30 + -4 + (-12 - -1)
-10
What is the value of (1 - -6) + -2 + (-739 - -710)?
-24
(396 - 391) + (-1 - -2)
6
20 + -17 + 1 + -2 + -2
0
18 + -5 + -28 + 18
3
What is (101 - 95) + (-1 - -6 - -19)?
30
Calculate 4 - (-15 + 12) - -1.
8
Evaluate (-9 - ((-20 - -16) + (-1 - 0))) + 7.
3
Evaluate 1 - (-4 - -17) - -17.
5
What is the value of 27 + -12 + 9 + (-10 - (0 + -3))?
17
(-1 - 3) + (-42 - 0) + 144 + -132
-34
What is (-8 - -13) + (-9 - 7)?
-11
(22 - 18) + -18 + 32
18
Calculate 38 + -26 + -13 + 4 + (-13 - -5).
-5
What is the value of (6 - (-15 + 12)) + 0 + -14?
-5
3 + (-3 - (-8 + 9))
-1
1 + (-4 - 0) + (3094 - 3079)
12
What is the value of 2 - (-14 + 27 - (3 - 4))?
-12
What is -12 + 10 + 0 + -2 + -4?
-8
-5 + 1 + 0 + (-115 - (-65 + -58))
4
11 - (-6 + -11 + 28)
0
(45 - 2) + -32 - (1 - 5)
15
Calculate 0 + -4 + -45 + 47 + (14 - 21).
-9
(2 - 18) + 2 + -2 - -2
-14
(14 - 20 - (0 + -8)) + 5
7
-37 + 37 - (-1 - 5 - -1)
5
(-1 - 7) + (57 - (29 - -2)) + 1
19
What is (18 - (-29 + 39)) + (7 - 0)?
15
Calculate (-14 + 1 - (29 + -33)) + 6.
-3
(10 + -27 - 1) + 15
-3
10 + (-2 + (-4 - -29) - 9)
24
What is 6 - (25 + -20 + -23)?
24
What is -22 + 49 + -12 + (3 - 0) - 8?
10
1 - (-5 - (-15 + 17))
8
What is the value of (10 - 1) + (29 - 21) + -19 - -29?
27
Evaluate 33 - (1 + 1 - -22).
9
What is 2371 - 2362 - ((-1 - -1) + 16)?
-7
(-7 - -15) + -16 + 5 - 10
-13
-8 + 0 + 24 + -7
9
Calculate (1 - -9) + ((20 - 15) + -4 - -5).
16
What is the value of 18 + 9 + -18 + (12 - 1)?
20
Calculate 50 - 48 - (-6 + -6 - -29).
-15
Calculate 11 + 6 + (5 + -3 - 19).
0
Calculate (26 - 21 - (1 -